). Let w(c) be the second derivative of c**3 + 3*c**2 + 1724*c + 1. Calculate w(b).
-30
Let d = 48 - 3. Suppose 0 = 5*b - 60 + d. Let r(k) = 2*k - 3*k**2 + 0*k**3 + k**3 - 2 + 1. What is r(b)?
5
Let z(b) = 27*b + 3 - b**3 + 8 - 34768*b**2 + 4 + 34775*b**2. What is z(10)?
-15
Let j(z) = 2*z + 203. Let m be j(-112). Let a(f) = -f**2 - 22*f - 23. Determine a(m).
-2
Suppose -6 = -3*x + 4*m, -m + 2 - 5 = 0. Let v(w) be the third derivative of -1/6*w**3 + 0*w - 3 + 0*w**4 + 1/60*w**5 - 27*w**2. Determine v(x).
3
Suppose -3*b + 4*n + 26 = 0, 4*b = 2*n + 2 + 26. Let h(a) = -2*a**3 - 571236*a**2 + a**3 - 4 - 5*a + 571243*a**2. What is h(b)?
2
Let f(w) = 63 - w + 4*w - 33 + 59 - w**2 - 2*w. Give f(0).
89
Let w = 1364 - 1362. Let j(q) = 4*q**2 - 2*q + 14. Let s be (-24)/(-9)*(-18)/(-4). Let k(r) = -1. Let m(x) = s*k(x) + j(x). What is m(w)?
14
Let r = 49 + -39. Suppose 324 = 14*t - r*t. Let h be (-2)/((-9)/(t/6)). Let l(j) = -4*j + 4. Calculate l(h).
-8
Let j be (-26 + 23)/1 + (-6)/(-1). Let g(u) = -13*u + 18. Give g(j).
-21
Let g(y) = -2*y**2 - 5*y**2 - 2 + 3*y**3 + 6*y - 2*y**3. Let f be 4832/604 + (-5 - (3 + -2))/2. What is g(f)?
-22
Let w(r) = -r**2 + 9*r - 20. Let h be w(5). Suppose -2*l - 3*t - 6 = h, 3*l = -4*t - 5 - 4. Let b(k) = -k**2 + 3 - 3*k + 0*k**3 + 8*k - k**3. Give b(l).
6
Let u(c) = c**3 + 8*c**2 + 8*c + 4. Suppose 4*n = 2*g - 14, -6*n = -n - 3*g + 16. Determine u(n).
39
Let z(v) = v**2 + 5*v + 1. Let f(l) = l**2 - 5*l - 4. Let x be -1 - (3 - (-5)/(-5)). Let t be f(x). Let o = -24 + t. Give z(o).
-3
Let q(v) = 11*v - 3. Suppose 206*h = 209*h - 5*d - 26, 8 = -4*h - 4*d. Calculate q(h).
19
Let q = 90 - 99. Let c be (27/6)/(5/10). Let l = c + q. Let d(a) = a + 6. What is d(l)?
6
Let w(c) = -3*c**3 + 4*c**2 + c - 43. Let b(r) = -r**2 - r + 10. Let h(f) = 4*b(f) + w(f). Determine h(-1).
3
Suppose -29 = 2*x - 5*m, -22*x - 26 = -26*x - 2*m. Let u(k) be the third derivative of 1/12*k**4 + 0 + 10*k - 5/6*k**x + k**2. Give u(5).
5
Let l(u) = -u**2 - 14. Let a(z) = -25*z**2 + 52*z - 4. Let g be a(2). Determine l(g).
-14
Suppose 6*j - 3*j = -2*i + 3, 0 = -i - 5*j + 5. Let z(d) be the second derivative of d**4/12 - 9*d**2 - 11185*d. Determine z(i).
-18
Let b(j) = 60 + j**2 + 55 - j - 132 + 2*j - 2*j. Give b(4).
-5
Let m(s) be the second derivative of -s**4/12 + 7*s**3/6 - 11*s**2 - 4191*s. Calculate m(6).
-16
Let i(z) = 535*z**2 - 529*z**2 + 4*z**3 + 5*z - 3*z**3. Let v(a) = a**2 + 4*a - 18. Let o be v(-6). Give i(o).
-30
Let a(m) = 5*m**2 - 23*m + 16*m + 9*m - 48 + 15*m**2 - m**3. Calculate a(20).
-8
Let v = -197 - -558. Let i(b) = 357 - 715 - 2*b**3 + v + 0*b - b**2 + 0*b - 2*b. What is i(1)?
-2
Let c(r) = -r + 4. Suppose 12 = 3*w, -2*i - 6*w = -2*w - 24. Let m be (i + 10)*(2 + (-9)/6). Give c(m).
-3
Let p(g) be the second derivative of -g**4/12 + 2*g**3 - 183*g. Suppose -82*z - 30 = -85*z. Calculate p(z).
20
Let t(a) = -6*a - 5. Let s be 2 - 0 - (-24 + 23). Let z(p) = 3*p + 2. Let w(r) = s*t(r) + 7*z(r). Determine w(-2).
-7
Let u(g) = g**2 + 7*g + 1. Let p(o) = -5*o - 27. Let h be p(-6). Suppose -h*n + 3 = -0. Suppose -2*m - 4 = i + n, 2*i + 2*m = -10. What is u(i)?
-9
Let a be (-4)/26 + 34/221. Suppose a = 23*k - 8*k + 105. Let j(o) be the third derivative of -o**4/12 - o**3/6 + 22*o**2. Calculate j(k).
13
Let o(f) = -5*f**2 - 38*f - 4. Let d be o(-7). Suppose 0 = -s + 3*m - d, 4*s - 2*m + 38 = -0*m. Let u(g) = g. What is u(s)?
-8
Let i(s) = 3 - 7 - 6*s + 3 + 0*s - s**2. Suppose -m + n = -63, -2*m + 4*n + 126 = -n. Let z be (2 - (-10)/(-7)) + (-351)/m. Determine i(z).
4
Let a(i) = i**2 + 47*i + 344. Let p = -13503 - -13494. Give a(p).
2
Let j(o) = -4*o - 11. Suppose 2*m = m - 5*b - 29, 3*m = -4*b - 32. Let i be j(m). Suppose 0 = -25*r + 26*r - i. Let n(q) = -q**2 + 5*q + 2. Calculate n(r).
2
Let t(m) be the third derivative of -2/3*m**3 + 0*m - 1/12*m**4 + 0 + 1/20*m**5 - 148*m**2 + 1/120*m**6. Suppose 0 = -2*q + 4*q + 8. Give t(q).
-12
Suppose 284 - 362 = 97*g + 310. Let j(s) be the second derivative of -7*s**3/6 - 2*s**2 + 2*s. Give j(g).
24
Let t(s) be the first derivative of 19*s**2/2 - 28*s - 204. Let i(n) = 5*n - 6. Let x(j) = 9*i(j) - 2*t(j). Determine x(-4).
-26
Suppose -6 = 2*q, -10 = 5*n - q + 2. Let b(o) = 2*o - 1. Let t(d) = 223*d - 7 - 218*d - 2. Let m(g) = 5*b(g) - t(g). Calculate m(n).
-11
Let z(m) = -2*m - 4271 + 4275 + 4*m. Let y(s) = 13*s + 30. Let f(w) = y(w) - 6*z(w). Determine f(-2).
4
Suppose 11*n - 21*n - 275 = 15*n. Let f(o) = o**2 + 16*o - 3. What is f(n)?
-58
Suppose 2*n - 11 = 6*j - 113, 0 = 5*n - j + 31. Let t(q) = 5 + 4 - 6 - 2*q. What is t(n)?
9
Let z be 1 - 36/(3 + -7). Let p(g) = g - 1. Calculate p(z).
9
Let b(o) = -2*o - 5*o + 0 - 1 + 10. Let q(t) = 5*t - 9. Let w(v) = -2*b(v) - 3*q(v). What is w(3)?
6
Let y(q) be the second derivative of q**5/20 + 7*q**4/12 + 2*q**3/3 - 5*q**2/2 - 77*q. Let z = -2100 + 2096. Calculate y(z).
27
Let n(r) = -r**2 - 1. Suppose -37 = 5*u - 487. Suppose -6*x + 3*x = -u. Let o be (-2 - 36/(-15))/((-3)/x). Calculate n(o).
-17
Let w(t) = 3*t - 3. Let q be w(3). Let s(n) be the third derivative of n**6/120 - 7*n**5/60 + n**4/4 + n**3 + 56*n**2 + 1. Give s(q).
6
Let x(a) be the third derivative of a**6/120 - 13*a**5/30 + 13*a**4/12 - 2*a**3 + 613*a**2. Calculate x(25).
13
Suppose 4*c = -15 - 13. Let b(a) = 48*a**2 + 16*a + 50. Let j(f) = -17*f**2 - 6*f - 17. Let t(z) = -6*b(z) - 17*j(z). Give t(c).
-4
Let f(t) be the first derivative of 0*t**2 - t + 5 - 3*t**3 - 1/4*t**4. Let b(i) = i**3 - 4*i**2 - 4*i + 7. Let h be b(4). Give f(h).
-1
Let o(n) be the second derivative of 1/6*n**3 + 0 + 60*n - 13/2*n**2. Determine o(5).
-8
Suppose -6*v + 58 = 23*v. Suppose -v*c + 78 = 102. Let n(i) = -i - 12. Determine n(c).
0
Let g(n) = -n + 23. Let a be g(22). Let p(i) = -15*i - 9. Let b(q) = -13*q - 8. Let o(r) = -7*b(r) + 6*p(r). Calculate o(a).
3
Let m(w) = w + 1. Let s(f) = -f - 1. Let i(y) = 2*y + 3. Let l(q) = 6*i(q) + 17*s(q). Let n(x) = -l(x) - 2*m(x). Suppose 1431*d = 1459*d + 84. Determine n(d).
-12
Let i(t) = -12*t + 2. Let s(g) = -4*g - 3. Let c(q) = q - 1. Let w(v) = 5*c(v) - s(v). Let x(o) = -4*i(o) - 5*w(o). What is x(1)?
5
Let n = -6 - -25. Suppose w + 7*o - 12*o + n = 0, -o = -5*w + 25. Let r(l) = l - 7. What is r(w)?
-1
Let s(m) = -4*m**3 + 9 - 786658*m**2 + 786649*m**2 + 2*m**3. Determine s(-4).
-7
Let r = -13271/24 - -553. Let u(k) be the third derivative of 0*k + 0 + r*k**4 - 5/6*k**3 - 4*k**2. Calculate u(4).
-1
Let m(r) = r**3 - 92135*r**2 + 92142*r**2 + 7 + 8*r + 0*r**3. Let f be 1/((-3 + 1)/(-4)). Suppose -f*j + 1 = -h + 2*j, 0 = 5*h - j + 24. What is m(h)?
17
Let r(m) = m**2 - 15*m - 5. Let d(f) = 3*f**2 - 31*f - 27. Let c(x) = -2*d(x) + 5*r(x). Give c(-15).
-1
Let b(r) = -8*r**3 + 148*r - 31. Let v(u) = -7*u**3 - u**2 + 132*u - 32. Let i(q) = -8*b(q) + 9*v(q). Calculate i(9).
-4
Let q(c) = -536*c + 257*c + 278*c + 59. Determine q(-26).
85
Let s(z) = z**3 - z**2 - z + 48. Suppose 77*j - 32 = -32. Calculate s(j).
48
Let j(n) = 16831 - 4*n - 33695 + 16808. Determine j(-10).
-16
Let v(k) = k**2 + 12*k + 6. Suppose d - 24 + 27 = 0. Let o be (-360)/(-27) + d/9. Suppose -4*p + 3*t = 33, p + 4*t + 0*t = -o. Determine v(p).
-21
Let r(t) = -2*t + 12. Let w be 135/(-1485) - 155/(-11). Calculate r(w).
-16
Let k(b) = 2*b**3 - 67*b**2 + 57*b - 55. Let q(p) = 3*p**3 - 98*p**2 + 85*p - 83. Let x(m) = 7*k(m) - 5*q(m). Determine x(20).
-90
Let w = 78 + -67. Suppose 0 = -w*v - 50 - 5. Let u(l) = l**3 + 4*l**2 + 2*l + 2. What is u(v)?
-33
Let n(d) = d**3 + 12*d**2 - d - 5. Let r(m) = -3*m**2 - 4*m + 9. Let q be r(-9). Let s be (3 - q/(-42))/((-1)/(-7)). Determine n(s).
7
Let j(a) be the first derivative of -a**4/4 + 7*a**3/3 - 7*a**2/2 - 8*a - 3. Suppose 91*t - 32*t - 232 = 122. What is j(t)?
-14
Suppose -15*i = 9 + 21. Let p(u) be the third derivative of 0 + 0*u + 9*u**2 - 1/6*u**3 + 0*u**4 - 1/60*u**5 - 1/40*u**6. Determine p(i).
19
Suppose -76*d = 13*d + 18*d - 36*d. Let f(n) = -3*n**3 + 2*n**3 + 0*n**3. Determine f(d).
0
Let y(q) = 185*q - 131. Let b(a) = 86*a - 63. Let f(d) = -13*b(d) + 6*y(d). What is f(14)?
-79
Let j(q) = 13*q - 180*q + 134*q + 2*q**2 - 21 + 4*q. What is j(15)?
-6
Let l(a) be the third derivative of -a**5/10 - a**4/24 - 2000*a**2. Determine l(2).
-26
Let o(i) = -i**2 - 